l**3/3 + l**2 + 303*l. Let m(r) = r + 8. Let d be m(-7). What is the units digit of x(d)?
6
Let b(c) = -400*c - 12. Suppose 11*a = -40 + 29. What is the units digit of b(a)?
8
Let x(c) = 17*c**2 - 18*c + 11. Let i = 53 - 61. What is the tens digit of x(i)?
4
What is the units digit of (-10)/4*(-3322)/(-165)*-57?
9
Let o be 3*((-98)/(-28) - 2/(-4)). What is the units digit of 10*(-6)/o + 334?
9
Suppose -5*x + 0*x - 3*k + 532 = 0, -2*k - 216 = -2*x. Let u = x - -240. What is the units digit of u?
7
Let d(f) = -f**3 - 5*f**2 - f + 5. Let i be d(-5). Let w be (5 - (i - 5))/1. Suppose w = -2*x + 3*x + 2*y - 187, 5*x - 980 = -y. What is the tens digit of x?
9
Let p = -2510 + 6265. What is the tens digit of p?
5
What is the tens digit of (40698/72)/(3/60)?
0
Suppose -5*k + 1 = 2*a, 9*a - 10*a = 5*k - 3. Let m(u) = 61*u - 1 + 1 + 2. What is the tens digit of m(k)?
6
Let a be (-3)/5 + 3732/20. Let y = -108 + a. Suppose -p + y = 8. What is the tens digit of p?
7
Let t be (-149)/3 + (-6)/(-9). Let r = -49 - t. Suppose -2*f + 323 - 103 = r. What is the tens digit of f?
1
Suppose -173*l - 174*l + 45234 = -329*l. What is the tens digit of l?
1
Let d(p) = 2*p**2 - 8*p - 2. Let z be d(4). Let n be -36*(-15)/z*(-7)/21. Suppose t - 96 = -5*k - 2*t, 4*k - n = 2*t. What is the units digit of k?
1
Suppose 0*m + 52384 = 5*y - 2*m, -5*m = 4*y - 41894. What is the ten thousands digit of y?
1
What is the thousands digit of (29234150/(-5750))/(0 - 1/5)?
5
Let w = -241 + 459. Let u be -3 - (4 - (w + -4)). Let a = u + -133. What is the tens digit of a?
7
Suppose 2*l = 3*l - 102. Suppose -4649 = -92*s + 10899. Let j = s - l. What is the tens digit of j?
6
Suppose -33 = 2*w + 5*m, 3*w + m - 4*m = 3. Let t be -4*(-5)/80 - 15/w. Suppose -t*u - 5*o = -1104, 0*u - 3*u = -3*o - 855. What is the units digit of u?
1
Let w(q) = 404*q - 69. Let j = 467 + -465. What is the units digit of w(j)?
9
Suppose -7*a + 2*a + 564 = 2*w, 4*w = -a + 120. Let o be 28/6 + (a/21)/(-8). What is the units digit of (-2)/(o/(-6))*27?
1
Suppose 43*p = 2887004 - 692499. What is the thousands digit of p?
1
Let i = -41490 + 68757. What is the hundreds digit of i?
2
Suppose 0*f = 3*f - 135. Suppose 8*h - 5*h + f = 0. What is the tens digit of 18/h*(-45)/2?
2
Suppose -z - 4*k + 228 = z, 3*z + k - 347 = 0. Let n(i) = z - 3*i - 35 + 36 - i**3. What is the units digit of n(0)?
7
Let t = 703 + -730. Let i = 44 + -9. Let z = i + t. What is the units digit of z?
8
Let n = 813 + -476. Suppose j + n + 39 = 5*s, 0 = s + 2*j - 84. Suppose -2*v = p - s, 2*p - 2*v = 6*p - 322. What is the units digit of p?
2
Let g be 2/21 + 3660/1260. Suppose -381 = -g*h + 2*z + 1786, -5*h + 3*z = -3612. What is the hundreds digit of h?
7
Suppose -i - 2*j + 10 = -0, 0 = 5*j - 20. Let f be i + -3 + (-3 - -9). Suppose 379 = f*n - 361. What is the units digit of n?
8
Let j(z) = 32*z + 65. Let t be j(-14). Let o = t - -721. What is the hundreds digit of o?
3
Let x = 55 - 48. Let z be (-8)/(-6)*21/x. Suppose -z*v + y + 88 + 62 = 0, 5*v - 4*y - 193 = 0. What is the units digit of v?
7
Let n = -27537 + 40290. What is the thousands digit of n?
2
Suppose -3*m - 2835 = -3*q, q + q = 5*m + 1881. What is the units digit of 6/(-30) + q/15?
3
Let p be 16/(20/5) + -132. Let t = 747 - p. What is the units digit of t?
5
Let w(i) = -i**3 + 16*i**2 - 6*i + 26. Let n be (9/(-15))/(14/(-350)). What is the units digit of w(n)?
1
Let x = -21471 + 38556. What is the units digit of x?
5
Let u(j) = -17*j**3 + 7*j**2 + 78*j + 445. What is the tens digit of u(-6)?
0
Let p(y) = y**2 + 28*y + 155. Let m be p(-19). What is the tens digit of 1/(-8) + (-24722)/m?
4
What is the thousands digit of (34/6)/((-721)/309 + (-9059)/(-3882))?
1
Suppose -5*n - 1 + 17 = 2*l, n - 2 = 0. Let k(r) = 11*r**3 + r**2 + 3*r - 7. Let j be k(l). Suppose 3*x = -x + j. What is the units digit of x?
7
Let o = 786 - 729. Suppose -24*s + o*s - 53130 = 0. What is the thousands digit of s?
1
Suppose 3*d - 16555 = -701 + 5935. What is the tens digit of d?
6
What is the ten thousands digit of (2/10)/(-30 + 24166502/805550)?
8
Let l(s) = s**3 - 3*s**2 - 5*s - 7. Let n be l(-6). Let y = n + 312. What is the units digit of y?
1
Suppose 209*z - 106*z - 1806517 = 0. What is the tens digit of z?
3
Let x(p) = 61*p**2 - 132*p + 1650. What is the units digit of x(12)?
0
Suppose 5*n = 9*n - 212. Let l = n + -51. Let k(w) = 3*w**3 - 2*w**2 - w + 3. What is the units digit of k(l)?
7
Suppose 4*g = 4, 5*c + g - 19 = 2*c. Let m be (-4)/c*(-366)/4. Suppose -4 = -k + m. What is the tens digit of k?
6
Let l(a) = -a**2 + 41*a + 52. Let x(m) = 5*m**2 + 13*m - 27. Let c be x(2). What is the units digit of l(c)?
0
Let i(g) = 206*g**2 - 60*g**2 + 6*g - 4*g + 40 + 2*g. What is the tens digit of i(-3)?
4
Suppose 7*n - 3178 + 700 = 0. Let g = n + -123. What is the tens digit of g?
3
Let n be (-154)/231 - (-4336)/(-3). Let o = n + 2601. What is the hundreds digit of o?
1
Suppose -4*t = -3*i - 321, 3*i + 2*t + 141 + 162 = 0. Let k(b) = -b**3 + b**2 - b + 166. Let a be k(0). Let r = a + i. What is the units digit of r?
3
Suppose -2*g = -6, -11*g = 5*t - 6*g + 20. What is the tens digit of (-19)/(-2*t/(-1036))?
0
Let b(r) = 402*r**2 - 158*r - 1319. What is the hundreds digit of b(-9)?
6
Suppose -4*q = -6*m + 8*m - 3430, -m + 4280 = 5*q. Let f = q - 577. Let c = f - 169. What is the hundreds digit of c?
1
Suppose -10*n + 6571 = -225989. Suppose -19*y + n = 5*y. What is the tens digit of y?
6
Suppose m = 2*v, 0 = -v - m - 2*m. Suppose v = -3*p + p + 36. What is the tens digit of (-544)/(-10) - (p/(-30) - -1)?
5
Let m = 78 + -84. Let c be ((-39)/(-9) + -1)/(m/(-9)). Suppose 0 = -2*a - 3*h + 61, -c*a - 3*h + 170 = h. What is the tens digit of a?
3
Let t(i) = -15*i**2 + 5*i + 12. Suppose 5*g - 2*h = 2*h - 4, -4*g + 4*h = 0. Let z be t(g). Let d = z + 393. What is the units digit of d?
5
Let r be (-5)/(-5)*186/2. Let q = 613 - r. What is the hundreds digit of q?
5
Suppose -q + 3*d + 24 = 0, 43 + 45 = 2*q + 2*d. Let l = 101 - q. What is the units digit of l?
2
Let t = 327 - -2698. What is the thousands digit of t?
3
Let k(w) = 4 - 4*w + 3 + 2 - 21. Let r be k(-7). Suppose f + r = 2*x - 2*f, 3*x = -5*f - 14. What is the units digit of x?
2
Let w(h) = 2*h**2 - 8*h + 4. Suppose -1 = 2*s - 3. Let k be 21*3/9 - (1 - s). What is the units digit of w(k)?
6
Let h(w) = -469*w + 15021. What is the ten thousands digit of h(-127)?
7
Let u(l) = -852*l - 830. What is the hundreds digit of u(-6)?
2
Let k = 254 - -584. Let y = k + 268. What is the units digit of 6/(-4)*y/(-21)?
9
Let h(v) = -8*v + 6*v**2 + v**2 - v**2 + 70 - 71. What is the units digit of h(7)?
7
Suppose 0 = 3*g - 4*w - 98633, -4*g - 4*w + 131528 = -5*w. What is the thousands digit of g?
2
Let j = 1907 + 8753. What is the tens digit of j?
6
Let w = 3566 + -2204. What is the thousands digit of w?
1
Let t(q) = -q**2 + q + 17. Let b be t(-8). Let s be -3 + (-2 - -2) - b. Suppose -5*o = -g - 3*g + 68, -s = -2*g - 2*o. What is the units digit of g?
2
Let g(o) = o**3 + 3*o**2 + o + 1. Let s be g(-2). Let q be (-95)/(-5) + 42/(-6) + -8. What is the units digit of q/(-10) + (16380/25)/s?
8
Let m(x) = x**3 + 7*x**2 + 10*x + 4. Let b be m(-5). What is the tens digit of (-17)/((-85)/4)*6590/b?
1
Suppose -20*x - 7*x + 195092 = -10*x. What is the tens digit of x?
7
Let i(s) = 2*s**3 + 22*s**2 - 6*s + 12. Let r(q) be the second derivative of -11*q**5/20 - q**3/3 + q**2 - 13*q. Let h be r(1). What is the units digit of i(h)?
8
Let v = -106 - -263. Let q = v - 112. Suppose -4*o + 9*o - q = -a, -18 = -2*o + 5*a. What is the units digit of o?
9
What is the thousands digit of 6/(-22) - (-16951511)/1793?
9
What is the thousands digit of (-2 + 1)/(9/(-70569))?
7
Suppose 0 = 4*c + 4*o - 2724, -4*c + 2693 + 35 = 3*o. Let k = c - 368. What is the hundreds digit of k?
3
Suppose 7125135 = -811*y + 1106*y. What is the units digit of y?
3
Suppose 4*c - 6*r + 2*r = 24, -4*c = r - 9. Suppose -80 = c*z + 2*f + 2*f, 5*z - 3*f = -143. Let j = z + 57. What is the tens digit of j?
2
Suppose -7*n = 156 - 156. Suppose n = 8*s + 957 - 3709. What is the units digit of s?
4
Suppose -d + 113 = 103. Suppose -5*b - 5*f = -7975, -5*f - d = -30. What is the hundreds digit of b?
5
Suppose 25*h - 10 = 20*h. Let n(i) = 17*